28
What is the remainder when 60713 is divided by 1945?
418
Calculate the remainder when 1704038 is divided by 7780.
218
What is the remainder when 28154 is divided by 1212?
278
Calculate the remainder when 119280599 is divided by 999.
998
What is the remainder when 37613926 is divided by 748?
746
Calculate the remainder when 2186675 is divided by 218666.
15
Calculate the remainder when 215074 is divided by 2526.
364
What is the remainder when 19707608 is divided by 38193?
20
What is the remainder when 63287 is divided by 1024?
823
Calculate the remainder when 1675431 is divided by 76.
11
What is the remainder when 10779645 is divided by 721?
695
Calculate the remainder when 103598989 is divided by 106.
101
What is the remainder when 14072696 is divided by 50?
46
Calculate the remainder when 9233124 is divided by 126481.
11
Calculate the remainder when 21132 is divided by 722.
194
Calculate the remainder when 285948 is divided by 25984.
124
Calculate the remainder when 31925183 is divided by 56.
31
Calculate the remainder when 7257581 is divided by 487.
307
Calculate the remainder when 388076 is divided by 479.
86
What is the remainder when 1930511 is divided by 3170?
3151
Calculate the remainder when 1425589 is divided by 753.
160
What is the remainder when 233194 is divided by 9711?
130
Calculate the remainder when 2617464 is divided by 1374.
1368
What is the remainder when 14300 is divided by 1582?
62
Calculate the remainder when 550422 is divided by 183470.
12
Calculate the remainder when 165138 is divided by 5897.
22
What is the remainder when 6291431 is divided by 1134?
1133
What is the remainder when 529701 is divided by 230?
11
Calculate the remainder when 194841287 is divided by 324.
323
What is the remainder when 517916 is divided by 55?
36
Calculate the remainder when 41447241 is divided by 8.
1
Calculate the remainder when 3161 is divided by 1341.
479
Calculate the remainder when 40582985 is divided by 4469.
4465
Calculate the remainder when 64049 is divided by 1169.
923
What is the remainder when 5520892 is divided by 20223?
13
Calculate the remainder when 1104848 is divided by 429.
173
What is the remainder when 7472466 is divided by 6744?
114
What is the remainder when 4502891 is divided by 1500959?
14
Calculate the remainder when 158129 is divided by 656.
33
Calculate the remainder when 335643 is divided by 768.
27
What is the remainder when 128434 is divided by 3999?
466
Calculate the remainder when 331132 is divided by 796.
792
Calculate the remainder when 1253257 is divided by 99.
16
What is the remainder when 8134337 is divided by 1527?
8
Calculate the remainder when 9205 is divided by 8.
5
What is the remainder when 196841810 is divided by 346?
334
Calculate the remainder when 855080 is divided by 326.
308
What is the remainder when 11101928 is divided by 815?
813
Calculate the remainder when 235719 is divided by 117791.
137
Calculate the remainder when 81481 is divided by 221.
153
Calculate the remainder when 176652 is divided by 33632.
8492
What is the remainder when 1281680 is divided by 519?
269
What is the remainder when 107056590 is divided by 27?
24
What is the remainder when 61688 is divided by 4801?
4076
What is the remainder when 3508364736 is divided by 179?
178
Calculate the remainder when 41736030 is divided by 99.
6
Calculate the remainder when 19337 is divided by 305.
122
Calculate the remainder when 10239902 is divided by 1260.
1142
What is the remainder when 65306479 is divided by 1811?
8
What is the remainder when 1979109 is divided by 58209?
3
What is the remainder when 164166 is divided by 1067?
915
Calculate the remainder when 25919160 is divided by 913.
3
Calculate the remainder when 123849448 is divided by 61.
50
What is the remainder when 230932339 is divided by 20?
19
What is the remainder when 6441442 is divided by 1269?
1267
What is the remainder when 195816 is divided by 2682?
30
Calculate the remainder when 615559 is divided by 3015.
499
What is the remainder when 27137250 is divided by 187?
184
What is the remainder when 20625962 is divided by 437?
436
Calculate the remainder when 455170 is divided by 455007.
163
Calculate the remainder when 5861105 is divided by 217077.
26
Calculate the remainder when 2549432 is divided by 509882.
22
Calculate the remainder when 5728889 is divided by 716109.
17
What is the remainder when 2139026 is divided by 1450?
276
What is the remainder when 1095533 is divided by 1838?
85
What is the remainder when 121217133 is divided by 40405699?
36
Calculate the remainder when 1537845 is divided by 395.
110
Calculate the remainder when 1140891 is divided by 3187.
3132
What is the remainder when 861349 is divided by 172042?
1139
Calculate the remainder when 35758 is divided by 175.
58
What is the remainder when 6587421 is divided by 68?
57
Calculate the remainder when 3289 is divided by 2999.
290
What is the remainder when 416975 is divided by 416962?
13
Calculate the remainder when 203719 is divided by 1700.
1419
Calculate the remainder when 182086 is divided by 9102.
46
What is the remainder when 20048656 is divided by 6682860?
76
Calculate the remainder when 77746 is divided by 37647.
2452
Calculate the remainder when 40411356 is divided by 13470450.
6
What is the remainder when 1226466 is divided by 11907?
45
Calculate the remainder when 84188 is divided by 83753.
435
Calculate the remainder when 106852 is divided by 21251.
597
Calculate the remainder when 509522 is divided by 268.
54
What is the remainder when 10126377 is divided by 1438?
1419
What is the remainder when 277615 is divided by 27761?
5
What is the remainder when 1115745 is divided by 37190?
45
What is the remainder when 64544 is divided by 1132?
20
What is the remainder when 301765 is divided by 21?
16
What is the remainder when 2081588 is divided by 131?
129
Calculate the remainder when 1069 is divided by 93.
46
Calculate the remainder when 162524126 is divided by 101896.
6
What is the remainder when 7565 is divided by 1046?
243
Calculate the remainder when 204667 is divided by 11370.
7
Calculate the remainder when 15801152 is divided by 28.
24
What is the remainder when 20140 is divided by 2254?
2108
Calculate the remainder when 95555738 is divided by 4550273.
5
Calculate the remainder when 2113132 is divided by 301824.
364
What is the remainder when 34537 is divided by 11?
8
Calculate the remainder when 137326 is divided by 13059.
6736
Calculate the remainder when 44523925 is divided by 489.
475
What is the remainder when 1703572 is divided by 549?
25
What is the remainder when 56176 is divided by 1172?
1092
What is the remainder when 8462328 is divided by 2820755?
63
Calculate the remainder when 7513824 is divided by 5101.
51
Calculate the remainder when 14391186 is divided by 101.
100
What is the remainder when 18688186 is divided by 8624?
8602
What is the remainder when 93505 is divided by 92387?
1118
Calculate the remainder when 358735 is divided by 567.
391
What is the remainder when 96238392 is divided by 17?
15
Calculate the remainder when 3602930 is divided by 128676.
2
What is the remainder when 205753099 is divided by 11126?
11107
What is the remainder when 245921 is divided by 1046?
111
Calculate the remainder when 12644705 is divided by 12644698.
7
What is the remainder when 349517 is divided by 440?
157
Calculate the remainder when 79669 is divided by 675.
19
What is the remainder when 27576 is divided by 3?
0
What is the remainder when 274500913 is divided by 402494?
5
What is the remainder when 11178 is divided by 650?
128
Calculate the remainder when 459883 is divided by 1373.
1301
Calculate the remainder when 125818 is divided by 1572.
58
Calculate the remainder when 972482 is divided by 121559.
10
What is the remainder when 14353 is divided by 940?
253
What is the remainder when 3014413630 is divided by 11?
8
Calculate the remainder when 6123199 is divided by 860.
859
Calculate the remainder when 19985703 is divided by 9992850.
3
Calculate the remainder when 507720608 is divided by 28.
24
Calculate the remainder when 201303 is divided by 647.
86
Calculate the remainder when 66188 is divided by 4356.
848
Calculate the remainder when 9448771 is divided by 3863.
3736
What is the